{"id":10,"date":"2024-12-24T18:23:45","date_gmt":"2024-12-24T17:23:45","guid":{"rendered":"http:\/\/jbiumgs.cluster027.hosting.ovh.net\/?page_id=10"},"modified":"2024-12-27T15:15:54","modified_gmt":"2024-12-27T14:15:54","slug":"contact","status":"publish","type":"page","link":"https:\/\/www.technocrea.fr\/index.php\/contact\/","title":{"rendered":"Contact"},"content":{"rendered":"\n<p class=\"has-text-align-center\">Chez <strong>Technocr\u00e9a<\/strong>, nous sommes passionn\u00e9s par l&rsquo;innovation et d\u00e9termin\u00e9s \u00e0 fournir des solutions d&rsquo;ing\u00e9nierie en \u00e9lectronique, m\u00e9canique et automatisme. Que vous ayez une question, un projet \u00e0 discuter ou que vous souhaitiez simplement en savoir plus sur nos services, nous sommes l\u00e0 pour vous \u00e9couter et vous accompagner.<\/p>\n\n\n\n<div style=\"height:20px\" aria-hidden=\"true\" class=\"wp-block-spacer\"><\/div>\n\n\n\n<div class=\"wp-block-group has-global-padding is-layout-constrained wp-block-group-is-layout-constrained\"><p><body style=\"position: relative; height: 100vh; margin: 0;\"><br \/>\n    <a href=\"mailto:contact@technocrea.fr?subject=Demande%20de%20renseignements&#038;body=Bonjour,%0D%0A%0D%0AJe souhaiterais obtenir plus d'informations sur vos services.%0D%0A%0D%0ACordialement,\" style=\"\n        position: absolute;\n        top: 50%;\n        left: 50%;\n        transform: translate(-50%, -50%);    \n        display: flex;\n        align-items: center;\n        justify-content: center;\n        width: 300px;\n        min-height: 50px;\n        padding: 10px 20px;\n        background-color: #b36700;\n        color: white;\n        text-decoration: none;\n        font-family: 'DM Sans', sans-serif;\n        font-size: 20px;\n        line-height: 1.2;\n        text-align: center;\n        border-radius: 5px;\n        border: none;\n        cursor: pointer;\n        transition: background-color 0.3s ease;\"><br \/>\n        Cliquer pour envoyer une demande de renseignement<br \/>\n    <\/a><br \/>\n<\/body><\/p>\n<\/div>\n\n\n\n<div style=\"height:10px\" aria-hidden=\"true\" class=\"wp-block-spacer\"><\/div>\n\n\n\n<p class=\"has-text-align-center\">ou utilisez l&rsquo;adresse ci-dessous<\/p>\n\n\n\n<p class=\"has-text-align-center\">contact@technocrea.fr<\/p>\n\n\n\n<div style=\"height:10px\" aria-hidden=\"true\" class=\"wp-block-spacer\"><\/div>\n\n\n\n<p class=\"has-text-align-center\">Quelle que soit la complexit\u00e9 de votre projet, nous sommes pr\u00eat \u00e0 relever le d\u00e9fi.<\/p>\n\n\n\n<p class=\"has-text-align-center\">Contactez-nous d\u00e8s aujourd&rsquo;hui pour transformer vos id\u00e9es en r\u00e9alit\u00e9 !<\/p>\n\n\n\n<div style=\"height:10px\" aria-hidden=\"true\" class=\"wp-block-spacer\"><\/div>\n\n\n\n<p class=\"has-text-align-center\">Suivez-nous sur les r\u00e9seaux sociaux pour les derni\u00e8res nouvelles et innovations :<\/p>\n\n\n\n<ul class=\"wp-block-social-links is-content-justification-center is-layout-flex wp-container-core-social-links-is-layout-a89b3969 wp-block-social-links-is-layout-flex\"><li class=\"wp-social-link wp-social-link-linkedin  wp-block-social-link\"><a href=\"https:\/\/www.linkedin.com\/company\/technocr%C3%A9a\/posts?lipi=urn%3Ali%3Apage%3Ad_flagship3_detail_base%3BCP5YNSHQTyODmJt4%2B9CoXw%3D%3D\" class=\"wp-block-social-link-anchor\"><svg width=\"24\" height=\"24\" viewBox=\"0 0 24 24\" version=\"1.1\" xmlns=\"http:\/\/www.w3.org\/2000\/svg\" aria-hidden=\"true\" focusable=\"false\"><path d=\"M19.7,3H4.3C3.582,3,3,3.582,3,4.3v15.4C3,20.418,3.582,21,4.3,21h15.4c0.718,0,1.3-0.582,1.3-1.3V4.3 C21,3.582,20.418,3,19.7,3z M8.339,18.338H5.667v-8.59h2.672V18.338z M7.004,8.574c-0.857,0-1.549-0.694-1.549-1.548 c0-0.855,0.691-1.548,1.549-1.548c0.854,0,1.547,0.694,1.547,1.548C8.551,7.881,7.858,8.574,7.004,8.574z M18.339,18.338h-2.669 v-4.177c0-0.996-0.017-2.278-1.387-2.278c-1.389,0-1.601,1.086-1.601,2.206v4.249h-2.667v-8.59h2.559v1.174h0.037 c0.356-0.675,1.227-1.387,2.526-1.387c2.703,0,3.203,1.779,3.203,4.092V18.338z\"><\/path><\/svg><span class=\"wp-block-social-link-label screen-reader-text\">LinkedIn<\/span><\/a><\/li><\/ul>\n\n\n\n<div style=\"height:10px\" aria-hidden=\"true\" class=\"wp-block-spacer\"><\/div>\n\n\n\n<p class=\"has-text-align-center\">Nous sommes impatients de collaborer avec vous et de contribuer au succ\u00e8s de vos projets d&rsquo;ing\u00e9nierie les plus ambitieux.<\/p>\n","protected":false},"excerpt":{"rendered":"<p>Chez Technocr\u00e9a, nous sommes passionn\u00e9s par l&rsquo;innovation et d\u00e9termin\u00e9s \u00e0 fournir des solutions d&rsquo;ing\u00e9nierie en \u00e9lectronique, m\u00e9canique et automatisme. Que vous ayez une question, un projet \u00e0 discuter ou que vous souhaitiez simplement en savoir plus sur nos services, nous sommes l\u00e0 pour vous \u00e9couter et vous accompagner. ou utilisez l&rsquo;adresse ci-dessous contact@technocrea.fr Quelle que [&hellip;]<\/p>\n","protected":false},"author":1,"featured_media":0,"parent":0,"menu_order":0,"comment_status":"closed","ping_status":"closed","template":"","meta":{"footnotes":""},"class_list":["post-10","page","type-page","status-publish","hentry"],"_links":{"self":[{"href":"https:\/\/www.technocrea.fr\/index.php\/wp-json\/wp\/v2\/pages\/10","targetHints":{"allow":["GET"]}}],"collection":[{"href":"https:\/\/www.technocrea.fr\/index.php\/wp-json\/wp\/v2\/pages"}],"about":[{"href":"https:\/\/www.technocrea.fr\/index.php\/wp-json\/wp\/v2\/types\/page"}],"author":[{"embeddable":true,"href":"https:\/\/www.technocrea.fr\/index.php\/wp-json\/wp\/v2\/users\/1"}],"replies":[{"embeddable":true,"href":"https:\/\/www.technocrea.fr\/index.php\/wp-json\/wp\/v2\/comments?post=10"}],"version-history":[{"count":32,"href":"https:\/\/www.technocrea.fr\/index.php\/wp-json\/wp\/v2\/pages\/10\/revisions"}],"predecessor-version":[{"id":108,"href":"https:\/\/www.technocrea.fr\/index.php\/wp-json\/wp\/v2\/pages\/10\/revisions\/108"}],"wp:attachment":[{"href":"https:\/\/www.technocrea.fr\/index.php\/wp-json\/wp\/v2\/media?parent=10"}],"curies":[{"name":"wp","href":"https:\/\/api.w.org\/{rel}","templated":true}]}}